{"version":"1.0","provider_name":"Tendencia","provider_url":"https:\/\/tendenciaevents.com\/fr\/","author_name":"Fatima-ezzahra","author_url":"https:\/\/tendenciaevents.com\/fr\/author\/fatima-ezzahra\/","title":"MARRAKECH AURA SON PALAIS DES EXPOSITIONS .. | Tendencia","type":"rich","width":600,"height":338,"html":"<blockquote class=\"wp-embedded-content\" data-secret=\"bSotuqbo2G\"><a href=\"https:\/\/tendenciaevents.com\/fr\/2019\/05\/30\/marrakech-aura-son-palais-des-expositions\/\">MARRAKECH AURA SON PALAIS DES EXPOSITIONS ..<\/a><\/blockquote><iframe sandbox=\"allow-scripts\" security=\"restricted\" src=\"https:\/\/tendenciaevents.com\/fr\/2019\/05\/30\/marrakech-aura-son-palais-des-expositions\/embed\/#?secret=bSotuqbo2G\" width=\"600\" height=\"338\" title=\"\u00ab\u00a0MARRAKECH AURA SON PALAIS DES EXPOSITIONS ..\u00a0\u00bb &#8212; Tendencia\" data-secret=\"bSotuqbo2G\" frameborder=\"0\" marginwidth=\"0\" marginheight=\"0\" scrolling=\"no\" class=\"wp-embedded-content\"><\/iframe><script type=\"text\/javascript\">\n\/* <![CDATA[ *\/\n\/*! This file is auto-generated *\/\n!function(d,l){\"use strict\";l.querySelector&&d.addEventListener&&\"undefined\"!=typeof URL&&(d.wp=d.wp||{},d.wp.receiveEmbedMessage||(d.wp.receiveEmbedMessage=function(e){var t=e.data;if((t||t.secret||t.message||t.value)&&!\/[^a-zA-Z0-9]\/.test(t.secret)){for(var s,r,n,a=l.querySelectorAll('iframe[data-secret=\"'+t.secret+'\"]'),o=l.querySelectorAll('blockquote[data-secret=\"'+t.secret+'\"]'),c=new RegExp(\"^https?:$\",\"i\"),i=0;i<o.length;i++)o[i].style.display=\"none\";for(i=0;i<a.length;i++)s=a[i],e.source===s.contentWindow&&(s.removeAttribute(\"style\"),\"height\"===t.message?(1e3<(r=parseInt(t.value,10))?r=1e3:~~r<200&&(r=200),s.height=r):\"link\"===t.message&&(r=new URL(s.getAttribute(\"src\")),n=new URL(t.value),c.test(n.protocol))&&n.host===r.host&&l.activeElement===s&&(d.top.location.href=t.value))}},d.addEventListener(\"message\",d.wp.receiveEmbedMessage,!1),l.addEventListener(\"DOMContentLoaded\",function(){for(var e,t,s=l.querySelectorAll(\"iframe.wp-embedded-content\"),r=0;r<s.length;r++)(t=(e=s[r]).getAttribute(\"data-secret\"))||(t=Math.random().toString(36).substring(2,12),e.src+=\"#?secret=\"+t,e.setAttribute(\"data-secret\",t)),e.contentWindow.postMessage({message:\"ready\",secret:t},\"*\")},!1)))}(window,document);\n\/* ]]> *\/\n<\/script>\n","thumbnail_url":"https:\/\/tendenciaevents.com\/wp-content\/uploads\/2019\/05\/oiiiiii-1.jpg","thumbnail_width":1200,"thumbnail_height":798,"description":"Marrakech aura son palais des expositions .. les travaux de lancement du nouveau palais des expositions devraient \u00eatre lanc\u00e9s prochainement. Ce palais fait partie des priorit\u00e9s du secteur du tourisme et ses professionnels ne cessent de militer pour la sortie de terre de cette infrastructure.D\u2019apr\u00e8s les professionnels, l\u2019investissement consacr\u00e9 au palais des expositions pourra rapidement [&hellip;]"}

Marrakech aura son palais des expositions .. les travaux de lancement du nouveau palais des expositions devraient être lancés prochainement. Ce palais fait partie des priorités du secteur du tourisme et ses professionnels ne cessent de militer pour la sortie de terre de cette infrastructure.D’après les professionnels, l’investissement consacré au palais des expositions pourra rapidement [&hellip;]
